
Calculate the highest common factor of 575 and 75.
25
What is the greatest common divisor of 98 and 574?
14
What is the highest common factor of 210 and 560?
70
Calculate the greatest common divisor of 1640 and 8.
8
Calculate the highest common factor of 1728 and 64.
64
What is the highest common divisor of 43 and 731?
43
Calculate the greatest common factor of 16 and 1776.
16
Calculate the greatest common factor of 2 and 242.
2
What is the highest common factor of 105 and 385?
35
What is the greatest common factor of 382 and 89006?
382
What is the highest common divisor of 36 and 45090?
18
What is the greatest common factor of 7312 and 4?
4
What is the highest common divisor of 2869 and 1057?
151
Calculate the highest common divisor of 531 and 4307.
59
What is the highest common factor of 3569 and 83?
83
Calculate the highest common factor of 22 and 110.
22
Calculate the highest common factor of 150 and 400.
50
What is the highest common divisor of 187 and 17?
17
Calculate the highest common divisor of 140 and 60.
20
Calculate the highest common factor of 5949 and 9.
9
Calculate the greatest common factor of 11 and 737.
11
What is the highest common divisor of 153 and 2533?
17
Calculate the greatest common factor of 527 and 372.
31
What is the greatest common factor of 135 and 15?
15
Calculate the greatest common divisor of 1067 and 11.
11
Calculate the greatest common factor of 371 and 7.
7
Calculate the greatest common factor of 115 and 368.
23
What is the greatest common divisor of 105 and 63?
21
What is the highest common divisor of 54 and 27?
27
What is the highest common factor of 3810 and 30?
30
What is the greatest common factor of 38 and 94?
2
Calculate the highest common divisor of 6 and 66.
6
What is the greatest common divisor of 26 and 26?
26
What is the highest common factor of 144 and 9?
9
What is the greatest common factor of 153 and 34?
17
What is the highest common divisor of 799 and 17?
17
Calculate the greatest common factor of 50 and 210.
10
Calculate the greatest common factor of 1634 and 1247.
43
Calculate the greatest common factor of 16933 and 2065.
413
Calculate the highest common factor of 52 and 117.
13
Calculate the highest common factor of 187 and 255.
17
Calculate the greatest common divisor of 46 and 2.
2
What is the highest common divisor of 102 and 48?
6
Calculate the greatest common divisor of 253 and 184.
23
Calculate the greatest common factor of 1068 and 36.
12
Calculate the highest common factor of 80 and 310.
10
What is the greatest common factor of 144 and 112?
16
Calculate the greatest common divisor of 33 and 253.
11
Calculate the greatest common factor of 28 and 434.
14
What is the highest common divisor of 1075 and 75?
25
Calculate the greatest common divisor of 17790 and 30.
30
What is the greatest common factor of 2 and 392?
2
What is the highest common factor of 1328 and 16?
16
Calculate the highest common factor of 658 and 1786.
94
Calculate the highest common factor of 371 and 848.
53
Calculate the highest common divisor of 450 and 2550.
150
Calculate the greatest common factor of 816 and 36.
12
Calculate the highest common factor of 1 and 1.
1
Calculate the greatest common divisor of 7084 and 836.
44
Calculate the greatest common divisor of 2760 and 60.
60
Calculate the greatest common divisor of 36 and 294.
6
Calculate the greatest common divisor of 180 and 20.
20
What is the highest common divisor of 1665 and 45?
45
What is the greatest common factor of 8 and 476?
4
What is the greatest common factor of 375 and 2150?
25
Calculate the greatest common divisor of 104 and 468.
52
Calculate the highest common factor of 544 and 442.
34
What is the greatest common factor of 759 and 11?
11
What is the greatest common divisor of 8 and 248?
8
Calculate the highest common factor of 55 and 187.
11
Calculate the greatest common factor of 10 and 670.
10
Calculate the greatest common factor of 3152 and 1379.
197
What is the greatest common factor of 1711 and 118?
59
What is the highest common factor of 1 and 2?
1
What is the highest common divisor of 342 and 18?
18
Calculate the greatest common factor of 58 and 4.
2
Calculate the highest common factor of 70 and 455.
35
What is the greatest common divisor of 156 and 832?
52
Calculate the greatest common factor of 737 and 22.
11
Calculate the greatest common divisor of 60 and 48.
12
Calculate the highest common divisor of 104 and 13.
13
Calculate the greatest common divisor of 16 and 256.
16
Calculate the greatest common factor of 11 and 275.
11
Calculate the greatest common factor of 21190 and 13.
13
Calculate the greatest common factor of 12371 and 445.
89
Calculate the greatest common divisor of 92 and 8.
4
Calculate the highest common factor of 462 and 22946.
154
What is the greatest common factor of 200 and 2500?
100
What is the greatest common divisor of 51 and 357?
51
Calculate the highest common factor of 1224 and 144.
72
What is the highest common divisor of 80 and 250?
10
Calculate the highest common factor of 304 and 380.
76
What is the highest common divisor of 186 and 19468?
62
What is the greatest common divisor of 78 and 1404?
78
Calculate the highest common factor of 42 and 1302.
42
Calculate the greatest common divisor of 1107 and 27.
27
Calculate the greatest common divisor of 6 and 9654.
6
What is the highest common divisor of 2225 and 178?
89
What is the greatest common factor of 405 and 225?
45
What is the greatest common factor of 890 and 80?
10
Calculate the greatest common divisor of 825 and 297.
33
What is the highest common divisor of 176 and 33?
11
What is the highest common divisor of 2480 and 130?
10
Calculate the highest common factor of 264 and 81.
3
Calculate the greatest common divisor of 9398 and 296.
74
Calculate the greatest common divisor of 191 and 1.
1
What is the greatest common factor of 25 and 740?
5
What is the highest common divisor of 38607 and 51?
51
Calculate the highest common factor of 142 and 4899.
71
Calculate the highest common divisor of 34 and 119.
17
What is the highest common divisor of 216 and 297?
27
What is the highest common factor of 40 and 16?
8
Calculate the greatest common factor of 95 and 1615.
95
What is the highest common divisor of 1147 and 31?
31
Calculate the highest common factor of 20 and 16640.
20
What is the highest common factor of 30 and 2490?
30
Calculate the greatest common factor of 936 and 819.
117
What is the greatest common factor of 20 and 30?
10
Calculate the highest common divisor of 360 and 144.
72
What is the highest common divisor of 275 and 66?
11
What is the greatest common factor of 481 and 13?
13
Calculate the greatest common factor of 48 and 534.
6
Calculate the greatest common divisor of 260 and 6580.
20
Calculate the highest common factor of 63 and 7245.
63
What is the highest common factor of 60 and 1240?
20
Calculate the greatest common divisor of 85 and 595.
85
Calculate the highest common divisor of 62 and 279.
31
Calculate the greatest common divisor of 4270 and 140.
70
Calculate the highest common divisor of 22177 and 201.
67
What is the greatest common divisor of 105 and 2247?
21
What is the greatest common factor of 1080 and 675?
135
Calculate the greatest common factor of 429 and 99.
33
What is the greatest common divisor of 24 and 24?
24
Calculate the highest common factor of 16 and 79712.
16
Calculate the greatest common factor of 1710 and 76.
38
What is the highest common divisor of 630 and 75?
15
What is the greatest common factor of 66 and 308?
22
What is the highest common factor of 644 and 182?
14
What is the highest common factor of 672 and 42?
42
What is the highest common divisor of 132 and 319?
11
What is the highest common factor of 39 and 247?
13
What is the greatest common factor of 1353 and 41?
41
What is the highest common factor of 661 and 1?
1
Calculate the greatest common divisor of 10500 and 600.
300
What is the greatest common factor of 714 and 1581?
51
Calculate the highest common divisor of 44 and 8998.
22
Calculate the greatest common divisor of 32 and 224.
32
Calculate the greatest common factor of 13261 and 596.
149
Calculate the highest common factor of 10619 and 41.
41
Calculate the highest common factor of 16 and 2.
2
Wh